06. Determine c(27).
-1834
Let z(f) = -f**3 + 9*f**2 - 385*f + 4463. Give z(11).
-14
Let f(y) = 2213*y**3 - y**2 - 13*y - 7. What is f(-1)?
-2208
Let n(z) = -z**2 + 45*z + 555. Give n(40).
755
Let o(t) = -118548*t - 38765196. Give o(-327).
0
Let n(x) = -x**2 - 177*x - 2659. Determine n(-17).
61
Let r(d) = d**3 - 3*d**2 - 741*d + 1153. What is r(28)?
5
Let t(z) = 7481*z - 329192. Give t(44).
-28
Let o(r) = -2691*r + 72744. Give o(27).
87
Let x(c) = -70*c**2 - 922*c - 139. What is x(-13)?
17
Let g(a) = 2*a**3 - 59*a**2 - 9740*a + 25927. Give g(85).
2
Let p(i) = i**3 - 51*i**2 + 891*i - 52859. Determine p(53).
-18
Let t(l) = 2*l**3 + 52*l**2 - 5944*l + 404. What is t(43)?
-26
Let w(f) = -17*f**3 - 10*f**2 - 16*f - 21. Determine w(-3).
396
Let t(h) = -12*h**2 - 1641*h - 38449. Calculate t(-30).
-19
Let y(k) = -3*k**3 + 46*k**2 + 7451*k - 111997. Determine y(15).
-7
Let u(j) = 108*j**3 - 172*j**2 + 197*j - 26. Determine u(1).
107
Let t(o) = -654*o + 15451. Calculate t(23).
409
Let p(g) = 3559*g - 28474. What is p(8)?
-2
Let j(a) = -3470*a - 14676. Give j(-4).
-796
Let p(y) = 2*y**2 + 190*y - 10140. Calculate p(38).
-32
Let j(z) = -77843*z - 700538. Determine j(-9).
49
Let u(r) = -376*r - 15010. Calculate u(-40).
30
Let d(i) = 984*i - 51347. What is d(52)?
-179
Let a(r) = 2*r**2 - 455*r - 13325. Determine a(-28).
983
Let x(b) = 3374*b - 20094. Give x(6).
150
Let a(x) = 13*x**2 - 406*x + 2195. Give a(7).
-10
Let k(z) = -725*z - 264. What is k(-2)?
1186
Let v(m) = 41*m**2 - 54*m - 122. Determine v(-4).
750
Let b(a) = 1470*a + 110430. Determine b(-75).
180
Let r(v) = v**3 - 40*v**2 + 324*v - 64. Calculate r(29).
81
Let y(z) = -1321*z - 13215. What is y(-10)?
-5
Let u(o) = -540000*o - 6479993. Calculate u(-12).
7
Let r(k) = -16990*k + 84960. Determine r(5).
10
Let n(y) = 18188*y + 2382613. What is n(-131)?
-15
Let b(q) = 2*q**3 + 75*q**2 - 789*q - 393. Give b(-46).
-71
Let f(a) = 3*a**3 + 34*a**2 - 12*a + 682. Determine f(-13).
-7
Let g(f) = 3760*f**3 + 7*f**2 - 15*f - 3. What is g(-1)?
-3741
Let j(y) = -2*y**3 - 19*y**2 - 191*y - 2990. Give j(-12).
22
Let w(y) = -94*y**2 - 6071*y - 18205. Give w(-3).
-838
Let b(k) = -48*k - 1395. What is b(-33)?
189
Let s(u) = u**3 + 45*u**2 - 260*u + 69. Give s(-50).
569
Let d(q) = -q**2 + 1885*q + 190514. What is d(-96)?
338
Let u(a) = -12*a**3 + 5*a**2 - 582*a + 578. Give u(1).
-11
Let r(g) = -285*g**2 - 204*g + 428. Determine r(2).
-1120
Let f(w) = -12*w**3 - 77*w**2 + 306*w + 426. Determine f(5).
-1469
Let g(u) = -233*u - 18868. What is g(-96)?
3500
Let k(f) = -f**3 - 393*f**2 + 1936*f - 21393. What is k(-398)?
99
Let k(g) = 5*g**3 + 553*g**2 - 12618*g - 1061. What is k(-130)?
-21
Let z(b) = -b**3 - 19*b**2 + 45*b + 1156. Calculate z(-16).
-332
Let m(a) = 3*a**2 + 3028*a - 39872. What is m(13)?
-1
Let o(b) = -28142*b - 225201. What is o(-8)?
-65
Let y(d) = 205*d + 31683. Calculate y(-154).
113
Let n(t) = 1232*t**2 + 2604*t + 221. Give n(-2).
-59
Let y(q) = -q**2 - 172*q + 282039. Calculate y(-624).
-9
Let z(v) = 379*v - 7135. Determine z(13).
-2208
Let m(l) = 5*l**2 + 39*l + 26. Give m(-2).
-32
Let a(c) = 66*c + 19310. Determine a(-291).
104
Let z(o) = -o**3 + 22*o**2 + 2929*o + 5775. Give z(67).
13
Let w(j) = 8*j**2 + 3182*j - 20068. What is w(-404)?
132
Let u(a) = -1967*a - 84500. What is u(-43)?
81
Let d(g) = -2*g**2 + 135*g + 3048. Determine d(85).
73
Let y(q) = 2*q**3 + 176*q**2 - 166*q + 1050. Calculate y(-89).
-18
Let r(b) = -177*b - 4064. Determine r(-24).
184
Let i(a) = -3*a**3 + 1039*a**2 + 1760*a - 6956. Determine i(348).
4
Let j(d) = -234*d**2 + 228*d + 135. Calculate j(-2).
-1257
Let y(d) = -348*d - 39540. What is y(-121)?
2568
Let i(x) = x**2 + 190*x + 8877. Calculate i(-82).
21
Let z(p) = -17*p**2 - 522*p + 5284. Determine z(10).
-1636
Let n(i) = 410*i - 241072. Determine n(588).
8
Let u(l) = -3*l**2 + 4345*l + 879306. What is u(-180)?
6
Let x(m) = m**2 - 77*m + 101. Determine x(72).
-259
Let h(l) = 10*l**2 + 6926*l + 4185. Determine h(-692).
33
Let x(o) = o**3 - 95*o**2 + 259*o - 15455. What is x(94)?
55
Let x(i) = -3639*i + 61859. Calculate x(17).
-4
Let p(h) = 4*h**2 - 233*h + 3329. Calculate p(30).
-61
Let j(a) = 67755*a - 948572. Determine j(14).
-2
Let j(u) = -u**2 - 999*u - 6921. What is j(-7)?
23
Let r(f) = f**3 + 3*f**2 + 28*f + 78. Calculate r(-11).
-1198
Let a(u) = 22028*u + 44103. Calculate a(-2).
47
Let x(m) = -12*m**3 - 322*m**2 - 1986*m + 347. Calculate x(-17).
7
Let m(q) = -2*q**2 + 565*q - 11695. Give m(260).
5
Let m(g) = -2*g**3 - 386*g**2 + 815*g + 6847. What is m(-195)?
22
Let i(y) = -15*y**2 - 7928*y - 43436. Calculate i(-523).
-27
Let u(s) = -s**2 - 1886*s + 333990. Give u(163).
3
Let t(x) = 106*x + 4273. Determine t(-30).
1093
Let s(b) = b**2 - 614*b - 17279. Determine s(-27).
28
Let m(i) = 6*i**2 - 185*i + 641. Determine m(4).
-3
Let c(f) = 155*f - 1878. Give c(13).
137
Let c(x) = x**2 + 164*x - 105. Give c(-150).
-2205
Let v(g) = 4*g**3 + 30*g**2 + 389*g + 3566. Calculate v(-9).
-421
Let p(c) = c**3 + 469*c**2 + 54436*c + 183. Determine p(-211).
605
Let u(b) = 772*b**2 + 23161*b + 28. What is u(-30)?
-2
Let r(p) = 3*p**3 - 12*p**2 + 439*p - 1739. What is r(4)?
17
Let i(r) = -2*r**3 + 21*r**2 + 2*r - 79. Calculate i(10).
41
Let x(h) = 3*h**2 - 3993*h - 39879. Give x(-10).
351
Let r(c) = -1504*c**2 + 7517*c + 15. What is r(5)?
0
Let p(h) = 5*h**3 + 100*h**2 + 213*h + 3. Give p(-2).
-63
Let b(k) = 1304*k**2 + 51461*k - 27963. Give b(-40).
-3
Let o(m) = -m**2 - 516*m + 63878. Calculate o(101).
1561
Let i(x) = 2*x**3 - 115*x**2 + 1046*x + 512. Calculate i(46).
-40
Let c(z) = 523*z - 643. Determine c(1).
-120
Let w(g) = -g**3 + 43*g**2 + 249*g - 300. Determine w(48).
132
Let b(q) = -6992*q - 97767. Calculate b(-14).
121
Let x(n) = -2*n**3 - 52*n**2 + 1119*n - 19. Give x(-40).
21
Let f(y) = -4398*y - 53296. Give f(-11).
-4918
Let f(l) = l**3 + 914*l**2 - 11963*l + 81559. Determine f(-927).
-17
Let j(f) = -22*f**3 + 118*f**2 - 37*f + 2. Give j(5).
17
Let w(n) = n**3 - 106*n**2 + 207*n + 40. Give w(104).
-64
Let n(s) = -5*s**3 + 409*s**2 + 498*s - 6. Calculate n(83).
-6
Let v(m) = 149*m**3 + 22*m**2 - 116*m + 93. What is v(1)?
148
Let w(m) = -m**3 + 27*m**2 - 273*m + 1556. Calculate w(16).
4
Let h(w) = 1483*w - 82986. Give h(56).
62
Let o(y) = 75*y**2 - 2199*y + 15592. Give o(12).
4
Let s(j) = 3*j**2 - 153*j + 1603. Calculate s(36).
-17
Let p(d) = -4*d**3 + 283*d**2 - 283*d + 25091. Determine p(71).
-43
Let c(z) = z**3 + 1347*z**2 + 43380*z + 607. Calculate c(-33).
13
Let j(m) = 3*m**3 + m**2 - 17*m + 48. Determine j(4).
188
Let x(c) = -82698*c + 1406088. Give x(17).
222
Let u(d) = -2*d**3 + 3*d**2 - 38*d - 442. Give u(-10).
2238
Let k(q) = -q**3 - 16*q**2 - 970*q - 18104. What is k(-18)?
4
Let m(n) = n**3 + 158*n**2 + 1335*n - 867. Give m(-149).
27
Let y(l) = -4969*l - 99386. Give y(-20).
-6
Let m(w) = 1911*w + 9573. Determine m(-5).
18
Let j(g) = g**2 - 153*g - 228. Determine j(167).
2110
Let m(w) = -5*w**2 - 420*w - 1. Calculate m(0).
-1
Let p(i) = -257072*i - 1542424. Give p(-6).
8
Let g(z) = -245*z**2 - 2170*z + 129. What is g(-9)?
-186
Let u(h) = -35*h**2 - 2172*h - 32002. Determine u(-38).
-6
Let y(a) = 11*a**2 + 855*a - 1865. Give y(-79).
-759
Let a(b) = 2287*b + 20659. Give a(-9).
76
Let m(j) = 3382*j**2 + 27174*j + 937. Determine m(-8).
-7
Let z(v) = v**3 + 585*v**2 - 610*v - 14087. Calculate z(-586).
-23
Let l(d) = -2*d**3 - 73*d**2 + 86*d + 6696. Give l(-35).
11
Let b(l) = -6*l**2 - 62*l - 9. Give b(2).
-157
Let h(d) = -3*d**3 - 16*d**2 - 33*d - 34. Determine h(-3).
2
Let t(j) = 2383332*j - 4766666. What is t(2)?
-2
Let m(n) = -809*n + 20308. Calculate m(25).
83
Let o(j) = -10*j**2 + 3067*j + 227. Calculate o(307).
-694
Let f(l) = -1101*l - 12693. Determine f(-11).
-582
Let k(z) = -z**3 - 13*z**2 - 34*z + 9. What is k(-10)?
49
Let b(m) = -m**2 + 266*m - 13250. Calculate b(57).
-1337
Let t(r) = -r**3 - 23*r**2 + 161*r - 79. Determine t(8).
-775
Let w(o) = o**3 - 109*o**2 - 1457*o + 611. Determine w(121).
6
Let a(t) = 4046*t + 436526. What is a(-108)?
-442
Let q(b) = b**3 + 421*b**2 + 615*b + 81918. Calculate q(-420).
18
Let s(f) = 5*f**2 + 51*f - 28. Calculate s(-10).
-38
Let h(w) = 2*w**3 + 61*w**2 + 95*w + 1941. Give h(-30).
-9
Let r(a) = -a**2 + 950*a + 29398. Calc